-3*m - 3 = z - 7. Suppose 1207 - 127 = 27*r. Suppose -z*v + 0 = -r. What is the units digit of v?
0
Suppose 3*h - 34611 = 3*r, -6*h = -3*h + 4*r - 34632. Suppose -11*w + h = -3398. What is the thousands digit of w?
1
Suppose 82 = 5*c + 5*r - 123, 2*c = 3*r + 102. Suppose 44*u - c*u = 3. What is the hundreds digit of (u/6)/((-3452)/(-864) - 4)?
1
Let f(o) = 8*o**2 - 24*o + 297. What is the units digit of f(30)?
7
Suppose 41*j - 44*j + 555 = 0. Let n = j - -717. What is the units digit of n?
2
What is the hundreds digit of 34594 + 1 - (162/66 - (-48)/88)?
5
What is the hundreds digit of 140*-2*(-45)/(-18)*-1?
7
Let w(p) = 2478 - 1241 + 47*p - 1240. What is the tens digit of w(15)?
0
Let o(u) = 6*u**2 + u + 12. Let n be o(-6). Let g = n + -115. What is the units digit of g?
7
Suppose 21515 = n - 5*w, 14*n - 64561 = 11*n - w. Suppose -20*s - n = -40*s. What is the tens digit of s?
7
Let a = 764 + -445. Suppose 5*u - a = -2*b, 0 = -3*u - 2*b + b + 192. Suppose -3*k = -2*z + 20 + u, 4*z - 215 = -3*k. What is the units digit of z?
0
What is the units digit of (251675/20)/5 + (-18)/24?
6
Suppose -7*k + 51291 - 19959 = 0. What is the tens digit of k?
7
Let y = 21737 - 18389. What is the units digit of y?
8
Let r = 22750 + 44436. What is the ten thousands digit of r?
6
Let f(m) = -5*m**3 - 17*m**2 - 20*m + 14. Let h(z) = z**3 + z**2. Let q(k) = -f(k) - 4*h(k). Let u be q(-12). Let i = u - -241. What is the hundreds digit of i?
1
Let q(z) = -56*z - 292. Let b be q(21). Let o = 2945 + b. What is the hundreds digit of o?
4
Let a = -59 - -65. Let w be (-1)/(a/(-114)) + (0 - -2). What is the tens digit of 3 - 7/(w/(-165))?
5
Let r(a) = 5*a**3 - 25*a**2 + 6*a - 669. What is the hundreds digit of r(20)?
4
Suppose 0*y - 8478 = -3*y. Suppose -6*s = -0*s - y. What is the tens digit of s?
7
Suppose -3*d = -4*w - w - 53773, 0 = -d + 2*w + 17926. What is the thousands digit of d?
7
Let x(y) = -11*y**3 + 4*y**2 + y. Let u be x(-3). Let l be 54 - (156/130 + 16/(-5)). Let z = u - l. What is the hundreds digit of z?
2
Let r = 9 - -2. Suppose r*i - 6*i - 20 = 0. Suppose 349 = i*o + f - 6*f, -426 = -5*o - 4*f. What is the units digit of o?
6
Let x = 35104 + -13419. What is the thousands digit of x?
1
Suppose -4*d = 5*b - 65153, 4*d - b + 9120 = 74267. What is the units digit of d?
7
What is the tens digit of (-9792)/(-768)*5208/9?
7
Let p be ((-2)/(-9) - 400/504)*-7. Let r be -4*4/6*(-3)/p. Suppose 0 = r*k - 302 + 6. What is the tens digit of k?
4
Let m = 44 - 44. Let s(o) = -o + 9. Let r be s(5). Suppose -3*w = -2*t - 0*t - 51, m = -r*w + 5*t + 75. What is the units digit of w?
5
Suppose -2651*v = -2657*v + 7062. What is the units digit of v?
7
Let w = 9832 - 6288. What is the thousands digit of w?
3
Let o be (214 - 4)/(14/7). Let t = -66 - -117. Let b = o - t. What is the units digit of b?
4
Let x = -469 - -266. Let z = 44 - x. What is the tens digit of z?
4
Let z = 18 + -2. Suppose z*o - 21*o - 1290 = 0. What is the hundreds digit of (o/9)/(5/(-45))?
2
Let j = -1215 - -2419. What is the units digit of j?
4
Suppose -105*n + 141*n = 515916. What is the thousands digit of n?
4
Let a = -409 - -411. Suppose 505 = 5*m - 4*m + 4*j, 0 = 5*m - a*j - 2635. What is the tens digit of m?
2
Let h(b) be the first derivative of -b**3/3 - 25*b**2/2 + 5*b + 108. What is the tens digit of h(-6)?
1
Suppose -2*n + 14032 = 2*n. Suppose 7*f - 300 = n. Suppose -3*g + f = g. What is the tens digit of g?
3
Let v(g) = -2*g**2 - 2*g + 14. Let i be v(-3). Suppose u + u = i*q + 368, -2*u = q - 365. What is the tens digit of u?
8
Let f(u) = -u**3 - 15*u**2 - 22*u - 1385. What is the units digit of f(-24)?
7
Suppose c = -4*p + 3 - 4, 3*p + 5*c = -5. Let m be (p*3/(-12))/(0 - 2). Suppose 5*f + 122 = j, 3*j - f - 245 - 51 = m. What is the units digit of j?
7
Let x(y) = 2*y**2 + y - 1. Let v be -1*(18/45 - (-16)/10). Let i be x(v). Suppose -i*r + 1128 = -4*o, r + 4*o - 9 - 207 = 0. What is the tens digit of r?
2
Suppose -65 = -8*h + 1015. Suppose 2*a + 0*y - 2*y = 154, 2*y - 68 = -a. Let u = h - a. What is the units digit of u?
1
Let t(p) = 3*p**2 - p - 6. Let b be t(3). Let m be (2/3)/(b/216). Suppose -6*n - 962 = -4*q - m*n, 0 = 2*q - 3*n - 461. What is the units digit of q?
8
Suppose -88*r = -114*r + 51*r - 293950. What is the ten thousands digit of r?
1
What is the hundreds digit of 27/((-135)/(-112635)*(1 - 0))?
5
Suppose 2*r - 15171 + 1669 = -4*f, 0 = -4*f + 3*r + 13477. What is the units digit of f?
3
What is the thousands digit of (304/112 + -3)/(6/(-543963))?
5
Suppose -40 + 2 = 2*s. Suppose 0 = -12*j - 1123 - 89. Let r = s - j. What is the units digit of r?
2
Suppose 163*h - 186758 = 119356. What is the hundreds digit of h?
8
Let y(n) = 238*n**2 + 125*n - 828. What is the ten thousands digit of y(7)?
1
Suppose 7*g = 10*g - 3*q - 92289, 0 = -2*g + 5*q + 61520. What is the thousands digit of g?
0
Let f = 79192 - 27346. What is the thousands digit of f?
1
Suppose 0 = 74*m - 57337 - 285505. What is the thousands digit of m?
4
Let h = 269 + 1598. Let q = h + -948. What is the tens digit of q?
1
Let k be (-255)/(-34)*(-1 - (-289)/(-3)). Let w = k - -1372. What is the tens digit of w?
4
Let q = -1637 - -4101. What is the tens digit of q?
6
Let b = -21111 + 56238. What is the units digit of b?
7
Suppose 28*m = 3*r + 32*m - 6859, -6823 = -3*r + 5*m. What is the thousands digit of r?
2
Let v = 218 - 576. Let t = 580 + v. What is the hundreds digit of t?
2
What is the hundreds digit of 6*1 + 4/(-4) + 5241?
2
Suppose 70*d - 76*d = -120. What is the tens digit of (-8)/d + 40170/50?
0
Let s = 29808 - 9374. What is the ten thousands digit of s?
2
Suppose -5*g + 3*g = z - 4337, -2 = -2*z. Suppose -g - 2389 = -7*f. What is the hundreds digit of f?
6
Suppose n = -4, -15*h - 6*n + 118028 = -8*n. What is the tens digit of h?
6
Let w = 1122 + 35667. What is the tens digit of w?
8
Suppose -575 = -4*z + 4*p + 81, 2*p = -4*z + 626. Let n = z + -109. Suppose 2*m - n = 8. What is the tens digit of m?
2
Suppose -3*j - 13*j + 2*p + 47132 = 0, -4*p = -3*j + 8830. What is the thousands digit of j?
2
Suppose -315 = 3*z + 2*z + 3*h, 4*z + 289 = 5*h. Let t = 71 + z. What is the hundreds digit of (t + (-2 - -1))/(-1) + 285?
2
What is the tens digit of ((-208)/39)/(12/(-4383))?
4
Let n = 61 - 58. Let a be (-2)/6*(24 + n)/3. What is the units digit of 110 + a - (2 + 2)?
3
Suppose m - 2*m = -2*s + 8, 0 = -3*m + 4*s - 16. Let i = 130 + m. What is the units digit of i?
0
Let s(n) be the first derivative of -21*n**2/2 - 93*n - 52. What is the tens digit of s(-15)?
2
Let x = 15 + -36. Let l = 0 + x. Let o(w) = w**3 + 21*w**2 - 5*w - 25. What is the units digit of o(l)?
0
Let u = 6767 - 584. What is the units digit of u?
3
Let a = 39482 - 20492. What is the units digit of a?
0
Let y = 51805 - 19365. What is the thousands digit of y?
2
Suppose 0 = d - 16 + 10. What is the units digit of -2 - (d + -4 + -36)?
2
Let c(i) = -i**2 - 7*i - 10. Let b be c(-2). Suppose -2*x + b*x + 1706 = -4*m, -4 = -m. What is the units digit of x?
1
Suppose -261*i + 263*i = 1928. Suppose i - 149 = 5*z. What is the tens digit of z?
6
Suppose 8*v - 1522 = -5458. Let d = 43 - v. What is the tens digit of d?
3
Suppose 42*p - 8164 + 35632 = 0. Let r = p - -925. What is the tens digit of r?
7
Let r(z) be the first derivative of 11*z**2 - 2*z + 5. Let f be r(-6). Let v = -32 - f. What is the units digit of v?
2
Let p = 3239 + 341. Suppose 5*k - 1640 = p. What is the tens digit of k?
4
Let a = -1208 - -4315. Suppose -2*x - a = -15*x. What is the hundreds digit of x?
2
Let y = 85 - 81. Let l(s) = 11 + y*s**2 + 11*s - 16*s - 15*s - 2*s**2. What is the units digit of l(14)?
3
What is the thousands digit of (-69)/46*156/(-9)*542?
4
Let p = 23 - 16. Let j(k) = k**2 + 11*k - 66. Let i be j(32). Suppose -3*u - p*u + i = 0. What is the hundreds digit of u?
1
Let c = -87 - -87. Suppose c = -14*d + 15*d - 21. Let l = -15 + d. What is the units digit of l?
6
Suppose -26*q = -78*q + 59382 + 1738570. What is the ten thousands digit of q?
3
Let m = 116 + 30. Suppose -z + m = -13. What is the tens digit of z?
5
Let a(g) = -59 + 8*g + 4*g + 88 - 52. Let h be a(3). Suppose -4042 = -h*p - 1091. What is the units digit of p?
7
Suppose -28*g + 36*g - 29992 = 0. What is the units d